{"id":739,"date":"2020-04-28T11:23:32","date_gmt":"2020-04-28T09:23:32","guid":{"rendered":"https:\/\/ciudadaniaenitaliaoficial.wordpress.com\/?page_id=739"},"modified":"2020-05-14T17:07:41","modified_gmt":"2020-05-14T17:07:41","slug":"politica-de-privacidad","status":"publish","type":"page","link":"https:\/\/ciudadania-enitalia.com\/index.php\/politica-de-privacidad\/","title":{"rendered":"Pol\u00edtica de Privacidad y Datos Personales"},"content":{"rendered":"\n<h2 class=\"has-text-align-center wp-block-heading\">Pol\u00edtica de Privacidad y Datos Personales<\/h2>\n\n\n\n<h5 class=\"wp-block-heading\">Protecci\u00f3n de datos de car\u00e1cter personal<\/h5>\n\n\n\n<p>El Titular del sitio Web <a href=\"https:\/\/ciudadania-enitalia.com\">ciudadania-enitalia.com<\/a>, en aplicaci\u00f3n de la normativa vigente en materia de protecci\u00f3n de datos de car\u00e1cter personal, informa que los datos personales que se recogen a trav\u00e9s de los formularios del Sitio web <a href=\"https:\/\/ciudadania-enitalia.com\">ciudadania-enitalia.com<\/a>, se incluyen en los ficheros automatizados del servidor o en la cuenta de mail destinada a tal fin.<br>Dichos formularios, s\u00f3lo recogen informaci\u00f3n de contacto, y no infringen las leyes de privacidad.<br>La recogida y tratamiento de los datos de car\u00e1cter personal tiene como finalidad el mantenimiento de tareas de informaci\u00f3n, formaci\u00f3n, asesoramiento y otras actividades que pudieran o no concluir en fines comerciales.<\/p>\n\n\n\n<p>Estos datos ser\u00e1n recogidos \u00fanicamente con el fin mencionado anteriormente, y nunca cedidos a terceros.<\/p>\n\n\n\n<p>El sitio Web <a href=\"https:\/\/ciudadania-enitalia.com\">ciudadania-enitalia.com<\/a> adopta las medidas necesarias para garantizar la seguridad, integridad y confidencialidad de los datos conforme a lo dispuesto en el Reglamento (UE) 2016\/679 del Parlamento Europeo y del Consejo, de 27 de abril de 2016, relativo a la protecci\u00f3n de las personas f\u00edsicas en lo que respecta al tratamiento de datos personales y a la libre circulaci\u00f3n de los mismos. El usuario podr\u00e1 en cualquier momento ejercitar los derechos de acceso, oposici\u00f3n, rectificaci\u00f3n y cancelaci\u00f3n reconocidos en el citado Reglamento (UE). El ejercicio de estos derechos puede realizarlo el propio usuario a trav\u00e9s de email a: <a href=\"mailto:info@ciudadania-enitalia.com\">info@ciudadania-enitalia.com<\/a><\/p>\n\n\n\n<p>El usuario manifiesta que todos los datos facilitados por \u00e9l son ciertos y correctos, y se compromete a mantenerlos actualizados, informando los cambios necesarios por las mismas v\u00edas de comunicaci\u00f3n.<\/p>\n\n\n\n<h5 class=\"wp-block-heading\">Finalidad del tratamiento de los datos personales<\/h5>\n\n\n\n<p><strong>\u00bfCon qu\u00e9 finalidad trataremos tus datos personales?<\/strong><\/p>\n\n\n\n<p>En el Sito Web <a href=\"https:\/\/ciudadania-enitalia.com\">ciudadania-enitalia.com<\/a>, trataremos tus datos personales recabados a trav\u00e9s de formularios del sitio, con las siguientes finalidades:<\/p>\n\n\n\n<ol class=\"wp-block-list\"><li>Env\u00edo de informaci\u00f3n solicitada a trav\u00e9s de los formularios dispuestos en la secci\u00f3n de Contacto del sitio.<\/li><li>Remitir boletines (newsletters), as\u00ed como comunicaciones comerciales de promociones y\/o publicidad afines al sector. Cuando sea as\u00ed dispuesto.<\/li><li>Mantener una relaci\u00f3n con el Usuario para la gesti\u00f3n, administraci\u00f3n, informaci\u00f3n, prestaci\u00f3n y mejora del servicio.<\/li><\/ol>\n\n\n\n<p>Te recordamos que puedes oponerte al env\u00edo de comunicaciones de cualquier tipo que fuere, por cualquier v\u00eda y en cualquier momento, remitiendo un correo electr\u00f3nico a la direcci\u00f3n indicada anteriormente.<\/p>\n\n\n\n<p>Los campos de dichos registros pueden ser de cumplimentaci\u00f3n obligatoria, siendo imposible realizar las finalidades expresadas si no se aportan esos datos.<\/p>\n\n\n\n<p><strong>\u00bfPor cu\u00e1nto tiempo se conservan los datos personales recabados?<\/strong><\/p>\n\n\n\n<p>Los datos personales proporcionados se conservar\u00e1n mientras se mantenga la relaci\u00f3n de comunicaci\u00f3n necesaria para satisfacer el fin por el que el Usuario se ha contactado, o solicite su desvinculaci\u00f3n o supresi\u00f3n.<\/p>\n\n\n\n<h5 class=\"wp-block-heading\">Legitimaci\u00f3n<\/h5>\n\n\n\n<p>El tratamiento de tus datos se realiza con las siguientes bases jur\u00eddicas que legitiman el mismo:<\/p>\n\n\n\n<ul class=\"wp-block-list\"><li>La solicitud de informaci\u00f3n y\/o la contrataci\u00f3n de los servicios que pudiera ofrecer el sitio Web \u2013 <em>propios o de terceros<\/em> -, cuyos t\u00e9rminos y condiciones se pondr\u00e1n a tu disposici\u00f3n en todo caso, de forma previa a una eventual contrataci\u00f3n.<\/li><li>El consentimiento libre, espec\u00edfico, informado e inequ\u00edvoco, en tanto que te informamos poniendo a tu disposici\u00f3n la presente pol\u00edtica de privacidad, que tras la lectura de la misma, en caso de estar conforme, puedes aceptar mediante una declaraci\u00f3n o una clara acci\u00f3n afirmativa, como el marcado de una casilla dispuesta a tal efecto.<\/li><\/ul>\n\n\n\n<p>En caso de que no nos facilites tus datos o lo hagas de forma err\u00f3nea o incompleta, no podremos atender tu solicitud, resultando del todo imposible proporcionarte la informaci\u00f3n solicitada.<\/p>\n\n\n\n<h5 class=\"wp-block-heading\">Destinatarios<\/h5>\n\n\n\n<p>Los datos no se comunicar\u00e1n a ning\u00fan tercero ajeno al Titular del sitio Web, salvo obligaci\u00f3n legal.<\/p>\n\n\n\n<h5 class=\"wp-block-heading\">Datos recopilados por usuarios de los servicios<\/h5>\n\n\n\n<p>En los casos en que el Usuario debiera incluir ficheros con datos de car\u00e1cter personal en los servidores de alojamiento compartido, el Titular del sitio Web no se hace responsable del incumplimiento por parte del Usuario del RGPD.<\/p>\n\n\n\n<h5 class=\"wp-block-heading\">Retenci\u00f3n de datos en conformidad a la LSSI<\/h5>\n\n\n\n<p>El Titular del sitio Web informa de que, solo en caso de facilitar un servicio de alojamiento de datos y en virtud de lo establecido en la Ley 34\/2002 de 11 de julio de Servicios de la Sociedad de la Informaci\u00f3n y de Comercio Electr\u00f3nico (LSSI), retiene por un periodo m\u00e1ximo de 12 meses la informaci\u00f3n imprescindible para identificar el origen de los datos alojados y el momento en que se inici\u00f3 la prestaci\u00f3n del servicio. La retenci\u00f3n de estos datos no afecta al secreto de las comunicaciones y s\u00f3lo podr\u00e1n ser utilizados en el marco de una investigaci\u00f3n criminal o para la salvaguardia de la seguridad p\u00fablica, poni\u00e9ndose a disposici\u00f3n de los jueces y\/o tribunales o del Ministerio que as\u00ed los requiera. La comunicaci\u00f3n de datos a las Fuerzas y Cuerpos del Estado se har\u00e1 en virtud a lo dispuesto en la normativa sobre protecci\u00f3n de datos personales.<\/p>\n\n\n\n<h5 class=\"wp-block-heading\">Derechos propiedad intelectual<\/h5>\n\n\n\n<p>Mat\u00edas Javier Toir\u00e1n, es titular de todos los derechos de autor, propiedad intelectual, industrial, \u201cknow how\u201d y cuantos otros derechos guardan relaci\u00f3n con los contenidos del sitio web <a href=\"https:\/\/ciudadania-enitalia.com\">ciudadania-enitalia.com<\/a> y los servicios ofertados en el mismo, as\u00ed como de los programas necesarios para su implementaci\u00f3n y la informaci\u00f3n relacionada. No se permite la reproducci\u00f3n, publicaci\u00f3n y\/o uso no estrictamente privado de los contenidos, totales o parciales, del sitio web <a href=\"https:\/\/ciudadania-enitalia.com\">ciudadania-enitalia.com<\/a> sin el consentimiento previo y por escrito.<\/p>\n\n\n\n<h5 class=\"wp-block-heading\">Propiedad intelectual del software<\/h5>\n\n\n\n<p>El usuario debe respetar los programas de terceros que pudiera encontrar en anuncios o p\u00e1ginas de terceros enlazadas en el sitio Web, aun siendo gratuitos y\/o de disposici\u00f3n p\u00fablica.<\/p>\n\n\n\n<p>El Titular del sitio Web dispone de los derechos de explotaci\u00f3n y propiedad intelectual necesarios del software utilizado para el normal funcionamiento del sitio y su servidor.<\/p>\n\n\n\n<p>El usuario no adquiere derecho alguno o licencia por el servicio contratado, sobre el software necesario para la prestaci\u00f3n del servicio, ni tampoco sobre la informaci\u00f3n t\u00e9cnica de seguimiento del servicio, excepci\u00f3n hecha de los derechos y licencias necesarios para el cumplimiento de los servicios contratados y \u00fanicamente durante la duraci\u00f3n de los mismos.<\/p>\n\n\n\n<p>Para toda actuaci\u00f3n que exceda del cumplimiento del contrato, el usuario necesitar\u00e1 autorizaci\u00f3n por escrito, quedando prohibido al usuario acceder, modificar, visualizar la configuraci\u00f3n, estructura y ficheros de los servidores, asumiendo la responsabilidad civil y penal derivada de cualquier incidencia que se pudiera producir en dichos servidores y sistemas de seguridad como consecuencia directa de una actuaci\u00f3n negligente o maliciosa por su parte.<\/p>\n\n\n\n<h5 class=\"wp-block-heading\">Propiedad intelectual de los contenidos alojados<\/h5>\n\n\n\n<p>Se proh\u00edbe el uso contrario a la legislaci\u00f3n sobre propiedad intelectual de los servicios prestados por el sitio Web <a href=\"https:\/\/ciudadania-enitalia.com\">ciudadania-enitalia.com<\/a> y, en particular de:<\/p>\n\n\n\n<ul class=\"wp-block-list\"><li>La utilizaci\u00f3n que resulte contraria a las leyes espa\u00f1olas o que infrinja los derechos de terceros.<\/li><li>La publicaci\u00f3n o la transmisi\u00f3n de cualquier contenido que, a juicio del Titular del sitio Web resulte violento, obsceno, abusivo, ilegal, racial, xen\u00f3fobo o difamatorio.<\/li><li>Los cracks, n\u00fameros de serie de programas o cualquier otro contenido que vulnere derechos de la propiedad intelectual de terceros.<\/li><li>La recogida y\/o utilizaci\u00f3n de datos personales de otros usuarios sin su consentimiento expreso o contraviniendo lo dispuesto en Reglamento (UE) 2016\/679 del Parlamento Europeo y del Consejo, de 27 de abril de 2016, relativo a la protecci\u00f3n de las personas f\u00edsicas en lo que respecta al tratamiento de datos personales y a la libre circulaci\u00f3n de los mismos.<\/li><li>La utilizaci\u00f3n del servidor de correo del dominio y de las direcciones de correo electr\u00f3nico para el env\u00edo de correo masivo no deseado.<\/li><\/ul>\n\n\n\n<p>El Usuario tiene toda la responsabilidad sobre el contenido que pueda vertir en la Web, la informaci\u00f3n transmitida y almacenada, los enlaces de hipertexto, las reivindicaciones de terceros y las acciones legales en referencia a propiedad intelectual, derechos de terceros y protecci\u00f3n de menores.<\/p>\n\n\n\n<p>El Usuario es responsable respecto a las leyes y reglamentos en vigor y las reglas que tienen que ver con el funcionamiento del servicio online, comercio electr\u00f3nico, derechos de autor, mantenimiento del orden p\u00fablico, as\u00ed como principios universales de uso de Internet.<\/p>\n\n\n\n<p>El Usuario indemnizar\u00e1 al Titular del sitio Web <a href=\"https:\/\/ciudadania-enitalia.com\">ciudadania-enitalia.com<\/a> por los gastos que generara la imputaci\u00f3n de delitos en cualquier causa cuya responsabilidad fuera atribuible al Usuario, incluidos honorarios y gastos de defensa jur\u00eddica, incluso en el caso de una decisi\u00f3n judicial no definitiva.<\/p>\n\n\n\n<h5 class=\"wp-block-heading\">Protecci\u00f3n de la informaci\u00f3n alojada<\/h5>\n\n\n\n<p>El Titular del sitio Web <a href=\"https:\/\/ciudadania-enitalia.com\">ciudadania-enitalia.com<\/a>, realiza copias de seguridad de los contenidos alojados en sus servidores, sin embargo no se responsabiliza de la p\u00e9rdida o el borrado accidental de los datos propios o proporcionados por Usuarios. As\u00ed mismo, no garantiza la reposici\u00f3n total de los datos borrados sea cual fuere, ya que los citados datos podr\u00edan haber sido suprimidos y\/o modificados durante el periodo del tiempo transcurrido desde la \u00faltima copia de seguridad.<\/p>\n\n\n\n<h5 class=\"wp-block-heading\">Comunicaciones comerciales<\/h5>\n\n\n\n<p>En aplicaci\u00f3n de la LSSI. El Titular del sitio Web <a href=\"https:\/\/ciudadania-enitalia.com\">ciudadania-enitalia.com<\/a> no enviar\u00e1 comunicaciones publicitarias o promocionales por correo electr\u00f3nico u otro medio de comunicaci\u00f3n electr\u00f3nica equivalente que previamente no hubieran sido solicitadas o expresamente autorizadas por los destinatarios de las mismas.<\/p>\n\n\n\n<p>En el caso de Usuarios con los que exista una relaci\u00f3n contractual previa, el Titular s\u00ed est\u00e1 autorizado al env\u00edo de comunicaciones comerciales referentes a productos o servicios que pudiera ofrecer \u2013 propios o de terceros \u2013 que sean similares a los que inicialmente fueron objeto de contrataci\u00f3n con el cliente.<\/p>\n\n\n\n<p>En todo caso, el Usuario, tras acreditar su identidad, podr\u00e1 solicitar con plena facultad, que no se le haga llegar m\u00e1s informaci\u00f3n de ning\u00fan tipo a trav\u00e9s de los distintos medios de contacto.<\/p>\n","protected":false},"excerpt":{"rendered":"<p>Pol\u00edtica de Privacidad y Datos Personales Protecci\u00f3n de datos de car\u00e1cter personal El Titular del sitio Web ciudadania-enitalia.com, en aplicaci\u00f3n de la normativa vigente en materia de protecci\u00f3n de datos de car\u00e1cter personal, informa que los datos personales que se recogen a trav\u00e9s de los formularios del Sitio web ciudadania-enitalia.com, se incluyen en los ficheros<a class=\"more-link\" href=\"https:\/\/ciudadania-enitalia.com\/index.php\/politica-de-privacidad\/\">Continue reading <span class=\"screen-reader-text\">&#8220;Pol\u00edtica de Privacidad y Datos Personales&#8221;<\/span><\/a><\/p>\n","protected":false},"author":1,"featured_media":0,"parent":0,"menu_order":0,"comment_status":"closed","ping_status":"closed","template":"","meta":{"_uag_custom_page_level_css":"","footnotes":""},"class_list":["post-739","page","type-page","status-publish","hentry","entry"],"yoast_head":"<!-- This site is optimized with the Yoast SEO plugin v27.4 - https:\/\/yoast.com\/product\/yoast-seo-wordpress\/ -->\n<title>Pol\u00edtica de Privacidad y Datos Personales - Ciudadan\u00eda en Italia<\/title>\n<meta name=\"robots\" content=\"index, follow, max-snippet:-1, max-image-preview:large, max-video-preview:-1\" \/>\n<link rel=\"canonical\" href=\"https:\/\/ciudadania-enitalia.com\/index.php\/politica-de-privacidad\/\" \/>\n<meta property=\"og:locale\" content=\"es_ES\" \/>\n<meta property=\"og:type\" content=\"article\" \/>\n<meta property=\"og:title\" content=\"Pol\u00edtica de Privacidad y Datos Personales - Ciudadan\u00eda en Italia\" \/>\n<meta property=\"og:description\" content=\"Pol\u00edtica de Privacidad y Datos Personales Protecci\u00f3n de datos de car\u00e1cter personal El Titular del sitio Web ciudadania-enitalia.com, en aplicaci\u00f3n de la normativa vigente en materia de protecci\u00f3n de datos de car\u00e1cter personal, informa que los datos personales que se recogen a trav\u00e9s de los formularios del Sitio web ciudadania-enitalia.com, se incluyen en los ficherosContinue reading &quot;Pol\u00edtica de Privacidad y Datos Personales&quot;\" \/>\n<meta property=\"og:url\" content=\"https:\/\/ciudadania-enitalia.com\/index.php\/politica-de-privacidad\/\" \/>\n<meta property=\"og:site_name\" content=\"Ciudadan\u00eda en Italia\" \/>\n<meta property=\"article:modified_time\" content=\"2020-05-14T17:07:41+00:00\" \/>\n<meta name=\"twitter:card\" content=\"summary_large_image\" \/>\n<meta name=\"twitter:label1\" content=\"Tiempo de lectura\" \/>\n\t<meta name=\"twitter:data1\" content=\"9 minutos\" \/>\n<script type=\"application\/ld+json\" class=\"yoast-schema-graph\">{\"@context\":\"https:\\\/\\\/schema.org\",\"@graph\":[{\"@type\":\"WebPage\",\"@id\":\"https:\\\/\\\/ciudadania-enitalia.com\\\/index.php\\\/politica-de-privacidad\\\/\",\"url\":\"https:\\\/\\\/ciudadania-enitalia.com\\\/index.php\\\/politica-de-privacidad\\\/\",\"name\":\"Pol\u00edtica de Privacidad y Datos Personales - Ciudadan\u00eda en Italia\",\"isPartOf\":{\"@id\":\"https:\\\/\\\/ciudadania-enitalia.com\\\/#website\"},\"datePublished\":\"2020-04-28T09:23:32+00:00\",\"dateModified\":\"2020-05-14T17:07:41+00:00\",\"breadcrumb\":{\"@id\":\"https:\\\/\\\/ciudadania-enitalia.com\\\/index.php\\\/politica-de-privacidad\\\/#breadcrumb\"},\"inLanguage\":\"es-AR\",\"potentialAction\":[{\"@type\":\"ReadAction\",\"target\":[\"https:\\\/\\\/ciudadania-enitalia.com\\\/index.php\\\/politica-de-privacidad\\\/\"]}]},{\"@type\":\"BreadcrumbList\",\"@id\":\"https:\\\/\\\/ciudadania-enitalia.com\\\/index.php\\\/politica-de-privacidad\\\/#breadcrumb\",\"itemListElement\":[{\"@type\":\"ListItem\",\"position\":1,\"name\":\"Inicio\",\"item\":\"https:\\\/\\\/ciudadania-enitalia.com\\\/\"},{\"@type\":\"ListItem\",\"position\":2,\"name\":\"Pol\u00edtica de Privacidad y Datos Personales\"}]},{\"@type\":\"WebSite\",\"@id\":\"https:\\\/\\\/ciudadania-enitalia.com\\\/#website\",\"url\":\"https:\\\/\\\/ciudadania-enitalia.com\\\/\",\"name\":\"Ciudadan\u00eda en Italia\",\"description\":\"Asesoramiento y Gesti\u00f3n de la Ciudadan\u00eda Italiana\",\"potentialAction\":[{\"@type\":\"SearchAction\",\"target\":{\"@type\":\"EntryPoint\",\"urlTemplate\":\"https:\\\/\\\/ciudadania-enitalia.com\\\/?s={search_term_string}\"},\"query-input\":{\"@type\":\"PropertyValueSpecification\",\"valueRequired\":true,\"valueName\":\"search_term_string\"}}],\"inLanguage\":\"es-AR\"}]}<\/script>\n<!-- \/ Yoast SEO plugin. -->","yoast_head_json":{"title":"Pol\u00edtica de Privacidad y Datos Personales - Ciudadan\u00eda en Italia","robots":{"index":"index","follow":"follow","max-snippet":"max-snippet:-1","max-image-preview":"max-image-preview:large","max-video-preview":"max-video-preview:-1"},"canonical":"https:\/\/ciudadania-enitalia.com\/index.php\/politica-de-privacidad\/","og_locale":"es_ES","og_type":"article","og_title":"Pol\u00edtica de Privacidad y Datos Personales - Ciudadan\u00eda en Italia","og_description":"Pol\u00edtica de Privacidad y Datos Personales Protecci\u00f3n de datos de car\u00e1cter personal El Titular del sitio Web ciudadania-enitalia.com, en aplicaci\u00f3n de la normativa vigente en materia de protecci\u00f3n de datos de car\u00e1cter personal, informa que los datos personales que se recogen a trav\u00e9s de los formularios del Sitio web ciudadania-enitalia.com, se incluyen en los ficherosContinue reading \"Pol\u00edtica de Privacidad y Datos Personales\"","og_url":"https:\/\/ciudadania-enitalia.com\/index.php\/politica-de-privacidad\/","og_site_name":"Ciudadan\u00eda en Italia","article_modified_time":"2020-05-14T17:07:41+00:00","twitter_card":"summary_large_image","twitter_misc":{"Tiempo de lectura":"9 minutos"},"schema":{"@context":"https:\/\/schema.org","@graph":[{"@type":"WebPage","@id":"https:\/\/ciudadania-enitalia.com\/index.php\/politica-de-privacidad\/","url":"https:\/\/ciudadania-enitalia.com\/index.php\/politica-de-privacidad\/","name":"Pol\u00edtica de Privacidad y Datos Personales - Ciudadan\u00eda en Italia","isPartOf":{"@id":"https:\/\/ciudadania-enitalia.com\/#website"},"datePublished":"2020-04-28T09:23:32+00:00","dateModified":"2020-05-14T17:07:41+00:00","breadcrumb":{"@id":"https:\/\/ciudadania-enitalia.com\/index.php\/politica-de-privacidad\/#breadcrumb"},"inLanguage":"es-AR","potentialAction":[{"@type":"ReadAction","target":["https:\/\/ciudadania-enitalia.com\/index.php\/politica-de-privacidad\/"]}]},{"@type":"BreadcrumbList","@id":"https:\/\/ciudadania-enitalia.com\/index.php\/politica-de-privacidad\/#breadcrumb","itemListElement":[{"@type":"ListItem","position":1,"name":"Inicio","item":"https:\/\/ciudadania-enitalia.com\/"},{"@type":"ListItem","position":2,"name":"Pol\u00edtica de Privacidad y Datos Personales"}]},{"@type":"WebSite","@id":"https:\/\/ciudadania-enitalia.com\/#website","url":"https:\/\/ciudadania-enitalia.com\/","name":"Ciudadan\u00eda en Italia","description":"Asesoramiento y Gesti\u00f3n de la Ciudadan\u00eda Italiana","potentialAction":[{"@type":"SearchAction","target":{"@type":"EntryPoint","urlTemplate":"https:\/\/ciudadania-enitalia.com\/?s={search_term_string}"},"query-input":{"@type":"PropertyValueSpecification","valueRequired":true,"valueName":"search_term_string"}}],"inLanguage":"es-AR"}]}},"uagb_featured_image_src":{"full":false,"thumbnail":false,"medium":false,"medium_large":false,"large":false,"1536x1536":false,"2048x2048":false,"post-thumbnail":false},"uagb_author_info":{"display_name":"admin","author_link":"https:\/\/ciudadania-enitalia.com\/index.php\/author\/matmay1\/"},"uagb_comment_info":0,"uagb_excerpt":"Pol\u00edtica de Privacidad y Datos Personales Protecci\u00f3n de datos de car\u00e1cter personal El Titular del sitio Web ciudadania-enitalia.com, en aplicaci\u00f3n de la normativa vigente en materia de protecci\u00f3n de datos de car\u00e1cter personal, informa que los datos personales que se recogen a trav\u00e9s de los formularios del Sitio web ciudadania-enitalia.com, se incluyen en los ficherosContinue&hellip;","jetpack_sharing_enabled":true,"_links":{"self":[{"href":"https:\/\/ciudadania-enitalia.com\/index.php\/wp-json\/wp\/v2\/pages\/739","targetHints":{"allow":["GET"]}}],"collection":[{"href":"https:\/\/ciudadania-enitalia.com\/index.php\/wp-json\/wp\/v2\/pages"}],"about":[{"href":"https:\/\/ciudadania-enitalia.com\/index.php\/wp-json\/wp\/v2\/types\/page"}],"author":[{"embeddable":true,"href":"https:\/\/ciudadania-enitalia.com\/index.php\/wp-json\/wp\/v2\/users\/1"}],"replies":[{"embeddable":true,"href":"https:\/\/ciudadania-enitalia.com\/index.php\/wp-json\/wp\/v2\/comments?post=739"}],"version-history":[{"count":2,"href":"https:\/\/ciudadania-enitalia.com\/index.php\/wp-json\/wp\/v2\/pages\/739\/revisions"}],"predecessor-version":[{"id":1297,"href":"https:\/\/ciudadania-enitalia.com\/index.php\/wp-json\/wp\/v2\/pages\/739\/revisions\/1297"}],"wp:attachment":[{"href":"https:\/\/ciudadania-enitalia.com\/index.php\/wp-json\/wp\/v2\/media?parent=739"}],"curies":[{"name":"wp","href":"https:\/\/api.w.org\/{rel}","templated":true}]}}